+ 10. Let a(m) = -9*g(m) + 2*h(m). Give a(9).
-27
Let b(d) = -3*d - 89. Let r be b(-32). Let c be r/28*6*4. Let l(q) be the third derivative of -q**5/60 + q**4/24 + q**3 - q**2. Determine l(c).
-24
Let b = 77 - 75. Let p(s) = b*s + 2 + s**3 - 6 + 422*s**2 + 1 - 419*s**2. What is p(-4)?
-27
Let d(o) = 12*o**3 + o**2 + 2*o - 6. Let i(h) = -6*h**3 + 1. Let n(r) = -d(r) - 3*i(r). What is n(1)?
6
Let k(w) = 0 - 3 + 4 - 5*w. Let i(j) = 2*j**2 + 39*j + 16. Let t be i(-19). Let p be (-35)/(-5) + t + -5. Give k(p).
6
Let f = -10 - -17. Let h = f - 3. Let v(n) = n**2 + 5*n + 10. Let g(u) = 2*u**2 + 11*u + 21. Let x(p) = h*g(p) - 9*v(p). Calculate x(0).
-6
Let c(x) = 2*x**2 - 3*x - 8. Let l = -357 + 376. Suppose 0 = 3*g - 3, 5*h = 5*g - 4 + l. Determine c(h).
12
Let p(o) = -o**3 - 2*o**2 + 7*o + 8. Let i be -9 + -17 + 38 + -14. What is p(i)?
-6
Let l(a) = 3*a**2 + 4*a + 4. Let c be (162/135)/(2/5). Suppose 0 = 4*p - c*m, 0*m + 4*m + 22 = -2*p. Give l(p).
19
Let b(q) = q - 18. Suppose -24*p = -20*p - 7*h - 41, 4*h = 20. Calculate b(p).
1
Let t(v) = -v**2 + 16*v - 3. Let x be t(15). Suppose 0 = -9*z + x*z - 54. Let c(s) = -z*s**2 - 2 + s + 26*s**2 + s - 9*s**2. Determine c(2).
-2
Let j(z) = z**2 + 24*z + 131. Let h be j(-8). Let s(o) = 3*o**2 - 10*o + 5. Determine s(h).
2
Let a(t) = -42 + 72 - 6*t + 5 - 7*t. What is a(2)?
9
Let c(o) = -o**3 - 6*o**2 - 2*o + 3. Let z = 122 + -111. Suppose -z*v + 14*v + 18 = 3*m, -3*v + 6 = 5*m. Give c(v).
-18
Let v(p) be the second derivative of -p**4/4 - 40*p**3/3 - 82*p**2 - 1145*p + 1. What is v(-2)?
-16
Let p(a) be the first derivative of -a**4/12 + 7*a**3/6 + 5*a**2 - 69*a - 79. Let h(q) be the first derivative of p(q). What is h(9)?
-8
Let d(c) be the second derivative of c**4/6 + 11*c**3/6 + 11*c**2/2 + 6982*c. What is d(-5)?
6
Let q = 20165 + -20189. Let w(n) = -n**2 - 28*n - 92. What is w(q)?
4
Let f(o) = -o + 4. Let s be f(2). Let m(l) = l**2 - 44*l - 189. Let g be m(48). Let h(t) = -s*t**2 - 3*t**g - 2 + 4*t**2 - 6*t**2 + 3*t**2 + t. Calculate h(-2).
16
Let t(o) = 1 - 4*o - 3*o**3 - 2 + 0 - 7*o**2. Let b(k) = -7*k**3 - 15*k**2 - 8*k - 1. Let d(n) = -2*b(n) + 5*t(n). Let x = -3974 + 3971. Determine d(x).
-9
Let k(i) be the second derivative of 16*i**3/3 - 333*i**2/2 - 662*i + 1. Give k(11).
19
Let f(x) = -x**2 - 4*x - 4. Let j = -17 - -23. Suppose -b - 4 + j = 0, 5*b = -4*m - 6. Give f(m).
-4
Let v(p) be the first derivative of p**3/3 + 5*p**2/2 - 8*p + 2. Suppose 25*w - 231 = 58*w. What is v(w)?
6
Let h(v) be the first derivative of 7*v**2/2 + 20*v + 1244. Give h(-5).
-15
Let h be 15/(-2)*(1 + -3). Suppose 3*q - 6 = 4*j, -2*q - j + 0 = -h. Let x(c) = -c**2 + 3*c + 2. Calculate x(q).
-16
Let z(h) = h**3 + 13*h**2 - 2*h - 20. Let a = -2796 - -2783. What is z(a)?
6
Let u(c) = -9*c**2 - 9574 - 9*c + c**3 - 9573 - 9584 + 0*c**2 + 28738 - 2*c. Let v be 2/(-2) - 11/(-1). Calculate u(v).
-3
Let g(f) be the second derivative of -29*f**3/3 + 177*f**2/2 + 2918*f - 3. What is g(3)?
3
Let y(v) be the first derivative of v**4/4 - 10*v**3/3 - 11*v**2/2 + 18*v - 1867. Calculate y(11).
18
Let r(s) = 14*s - 128. Let i be -4*(-12)/(-24) - -12. What is r(i)?
12
Let g(z) be the second derivative of -z**7/1260 + z**6/72 - 3*z**5/40 - 9*z**4/2 - z**2 + 39*z + 2. Let k(s) be the third derivative of g(s). Calculate k(6).
-21
Let p(i) = i**3 - 2*i**2 - 7*i + 6. Let w = 89 - 86. Let u = 6 - w. Let l be (8/(-10))/(u/(-15)). What is p(l)?
10
Let p(x) be the first derivative of x**4/12 + x**3/3 + x**2/2 + 28*x - 75. Let z(w) be the first derivative of p(w). Determine z(-1).
0
Let b(q) be the third derivative of -q**4/8 - 2*q**3/3 - 182*q**2. Let y(n) = -16*n + 45. Let k be y(3). Determine b(k).
5
Let m(j) = -j**2 - 5*j + 4. Suppose p + 2*o - 6 = 0, 2*p + 9 = 3*o - 0. Suppose -4*r = 4*i + 28, 3*i - r = -p*r - 17. What is m(i)?
-2
Let b(z) = -z - 15. Let f be b(-8). Let w(k) = k**2 + 7*k - 4. Let r be w(f). Let l(i) = i**3 + 3*i**2 - i - 3. Determine l(r).
-15
Let f(l) be the second derivative of 5*l**3/6 + 7*l**2 + 929*l - 2. Determine f(-4).
-6
Suppose -4*l - 7*l - 22 = 0. Let p(t) = -t + 4. Let n(o) = 2*o - 1. Let b(u) = -2*n(u) - p(u). What is b(l)?
4
Suppose -24 = 40*s - 34*s. Let p(v) = 5*v**2 + 3*v - 6. Let r(c) = -c**2 + 1. Let b(o) = p(o) + 4*r(o). Calculate b(s).
2
Let l(v) = -9*v**2 - 2*v - 89. Let i(p) = -2*p**2 + p - 1. Let q(m) = 5*i(m) - l(m). Let x be q(-6). Let c(n) = 2*n - 1. Determine c(x).
11
Let q be 2*3 + (-34 - -28). Suppose q = 30*j - 9*j - 168. Let a(i) = 4*i + 3. Give a(j).
35
Let u(b) = -b**3 - 5*b**2 + 2*b + 2. Let f(a) be the first derivative of -7*a**3/3 + 2*a - 33. Let y be f(-1). Give u(y).
-8
Let p(j) be the first derivative of j**4/4 + 54*j - 365. Let w = -31 + 31. Calculate p(w).
54
Let u(f) = f + 4. Let p be 2/(-2 + 4) - -1. Suppose -16*h - h = -4*h - 26. Suppose 0 = 3*r - h*x - 0*x + 6, p*r - 2*x = -6. What is u(r)?
4
Let p(x) = -9*x - 52. Let s = 2284 - 2290. What is p(s)?
2
Let s(i) = 63 + 43*i + 42*i**2 - 69*i + 46*i**2 - 56*i - 91*i**2. Calculate s(-28).
7
Suppose 35*r - 32*r = -669. Let i = 231 + r. Let t(u) = 9 - 2*u + 0*u - u. Determine t(i).
-15
Suppose -j + 7 - 2 = 0. Let t = j - 10. Let w(i) = -2*i**3 - 7*i**2 - 4*i - 5. Let x(p) = -3*p**3 - 13*p**2 - 7*p - 9. Let u(g) = t*w(g) + 3*x(g). What is u(4)?
-6
Suppose 4*g - 4 = 0, 2*g - 1 = h + 4. Let y(o) = -4*o - 18. Let j(v) = 9*v + 35. Let q(n) = h*j(n) - 7*y(n). Calculate q(-13).
8
Let y(q) be the third derivative of q**6/120 + 3*q**5/10 + q**4/24 - 5*q**3/3 - 2*q**2 - q + 218. What is y(-18)?
-28
Let j(a) be the second derivative of a**8/6720 - a**7/840 - a**5/40 + 3*a**4 + 68*a. Let p(n) be the third derivative of j(n). Calculate p(3).
-3
Let y(t) = -3*t + 10. Let n = -189 + 191. Suppose -5*u + 9 = 2*j, -2*j = -n*u - 4*j. Determine y(u).
1
Suppose -15*t - 130 = 260. Let r(s) = -s - 37. What is r(t)?
-11
Let m be (-2)/(13*(-8)/(-260)). Let g(c) = -c**2 + 5*c + 6. Let t be g(6). Let x(d) = d - 1 + 2 - 3 + t. Calculate x(m).
-7
Let v be (26/(-845)*-26)/((-5)/(-50)). Let m(j) be the first derivative of -1/2*j**2 - v*j + 48. Determine m(-10).
2
Let v(d) = 4*d - 1. Let n be v(1). Let a be (15/(-1) - -2)*-2. Let u(o) = 3 - 2*o + 15*o**3 + o**2 + 9*o**n - a*o**3. Determine u(2).
-13
Let y(s) = 7814*s + 7810*s + s**3 - 7 + 7863*s - 23636*s + 25*s**2. Determine y(5).
-2
Suppose 5*k - 16 = -4*a, k + 4*a = -0*k. Let u be k/(-18) - (-22)/18. Let w(j) = 16*j**2 + 1 - 26*j - 2*j**2 - 20*j - 3*j**2 + 77*j - 32*j. What is w(u)?
11
Let b(w) = -w**3 - 10*w**2 - 22*w + 5. Let k be -13 + 20 - (13/(-1))/(2 - 3). Give b(k).
-7
Let p(v) = -31*v + 7. Let n be p(2). Let d = n - -65. Suppose -d = -4*m - 5*b, -4*m - 2*b + 14 = b. Let c(q) = -3*q - 1. Calculate c(m).
-16
Suppose -4*p = 3*o + 212 - 2232, 3*o + 1515 = 3*p. Let x = -504 + p. Let u(a) be the second derivative of 2*a**3/3 - a**2/2 + 2*a. Calculate u(x).
3
Let k = 0 + 1. Let z(n) = -n. Let s(r) = 3*r - 4. Let m(c) = k*z(c) + s(c). Let j(l) = 4*l**3 + 164*l**2 - 113*l - 4629. Let i be j(-41). Calculate m(i).
4
Let t(r) be the first derivative of -4*r**2 + 21*r + 5686. Calculate t(-8).
85
Let c(d) = 3*d + 2. Let k(b) = 3*b**2 - 20*b + 6. Let a be k(6). Let n be (-1*(3 - -3))/((-9)/a). What is c(n)?
-10
Let i be -5 - 284/(-56) - (-57)/(-14). Let a(c) = 28*c + 104. What is a(i)?
-8
Let h(q) = -7*q - 114. Suppose 4*t - 16 = p, 7 = p - t + 23. Let n be h(p). Let l(c) = 5*c**3 - c**2. What is l(n)?
-44
Let x(b) be the second derivative of b**4/6 + 53*b**3/6 - 7*b**2/2 - 314*b. Determine x(-27).
20
Let s be (1/(-2))/(1/(-6)). Let r be (0/(-1))/((-30)/(-6)). Let t(n) = -11*n**3 + 0 + s + 5*n + r - 3*n**2 + 10*n**3. What is t(-4)?
-1
Let j be (1*(-1 - 0))/(13/13). Let b(u) = u**3 + u**2. Let i(r) = 5*r**3 - 7*r**2 - r + 3. Let o(n) = j*i(n) + 4*b(n). Give o(11).
8
Suppose 6*j - 124 = 2. Suppose 3*n = -j + 72. Let i(m) = -12*m - m**2 - 1 + n*m + 2*m**2. What is i(-5)?
-1
Let k(f) = -3*f**3 - 19*f**2 + 12*f - 7. Let z(p) = 5*p**3 + 29*p**2 - 18*p + 11. Let i(y) = -8*k(y) - 5*z(y). Suppose 7*g + 6*g = 52. What is i(g)?
25
Let y(p) = -24*p + 116. Let r be y(4). Let b(z) = 11 + 13 + 10 + r - 32 - 8*z. Determine b(4).
-10
Let d(r) = -r**3 + r**2 - r + 4. Let k be d(2). Let c(g) = -g**2 - 3 + 77*g - 36*g - 39*g + 6 - g**2. Cal